{"id":3,"date":"2021-12-17T12:47:32","date_gmt":"2021-12-17T12:47:32","guid":{"rendered":"https:\/\/www.wigmond.ro\/cursuri\/cursuri-online\/?page_id=3"},"modified":"2023-09-14T07:20:55","modified_gmt":"2023-09-14T07:20:55","slug":"termeni-conditii","status":"publish","type":"page","link":"https:\/\/www.wigmond.ro\/cursuri\/cursuri-online\/termeni-conditii\/","title":{"rendered":"Termeni \u0219i Condi\u021bii"},"content":{"rendered":"\r\n<h2 class=\"wp-block-heading\" style=\"text-align: center;\">Termeni \u0219i condi\u021bii<\/h2>\r\n\r\n\r\n\r\n<p class=\"box-content\">Prezentul acord se \u00eencheie \u00eentre utilizatorii fie persoane fizice sau juridice serviciilor oferite de SC Wigmond SRL denumit\u0103 \u00een continuare wigmond.ro, cu sediul \u00een Baia Mare, Maramure\u0219. Prezentul acord se \u00eencheie indiferent de motivul pentru care persoanele respective viziteaz\u0103 site-ul. <\/p>\r\n<p>Se consider\u0103 c\u0103 acest acord a fost acceptat implicit si f\u0103r\u0103 nici o obiec\u021bie prin utilizarea serviciilor oferite de wigmond.ro, oricare ar fi ele sau prin acceptarea prin completarea formularelor de pe site.<\/p>\r\n<p>wigmond.ro ofer\u0103 utilizatorilor o colec\u021bie vast\u0103 de informa\u021bii. Dumneavoastr\u0103 \u00een\u021belege\u021bi \u0219i sunte\u021bi de acord c\u0103 aceste servicii pot s\u0103 includ\u0103 materiale publicitare, diverse anun\u021buri, mesaje, anun\u021buri \u0219i alte buletine informative. Dumneavoastr\u0103 \u00een\u021belege\u021bi \u0219i sunte\u021bi de acord c\u0103 serviciile sunt oferite a\u0219a cum sunt, iar compania nu \u00ee\u0219i asum\u0103 nici o responsabilitate pentru \u0219tergerea, transmiterea sau salvarea gre\u0219it\u0103 a set\u0103rilor dumneavoastr\u0103. <br \/>Obliga\u021bii la \u00eenregistrare <br \/>\u00cen momentul \u00eenregistr\u0103rii dumneavoastr\u0103 pe site-ul nostru sunte\u021bi de acord s\u0103:<br \/>1) furniza\u021bi date adev\u0103rate, exacte \u0219i complete despre dumneavoastr\u0103 a\u0219a cum sunt cerute de formularul de \u00eenregistrare al site-ului<br \/>2) men\u021bine\u021bi \u0219i \u00eennoi\u021bi, atunci c\u00e2nd situa\u021bia o cere, datele de \u00eenregistrare pentru a fi adev\u0103rate, exacte \u0219i complete. Dac\u0103 ve\u021bi furniza informa\u021bii care nu sunt conforme cu realitatea, inexacte sau incomplete, wigmond.ro are dreptul s\u0103 suspende sau s\u0103 desfiin\u021beze contul dumneavoastr\u0103 \u0219i s\u0103 refuze toate \u00eencerc\u0103rile curente sau viitoare de folosire a serviciilor noastre. <\/p>\r\n<p>\u00cen momentul \u00een care v\u0103 \u00eenregistra\u021bi pe site, vi se vor cere anumite informa\u021bii incluz\u00e2nd o adres\u0103 de e-mail valid\u0103. Pe l\u00e2ng\u0103 termenii si condi\u021biile care vor fi reglementate \u00een politica site-ului, dumneavoastr\u0103 \u00een\u021belege\u021bi \u0219i accepta\u021bi faptul c\u0103 wigmond.ro poate divulga unei ter\u021be\u00a0persoane anumite informa\u021bii con\u021binute \u00een cererea dumneavoastr\u0103 de \u00eenregistrare. <br \/>wigmond.ro nu va divulga unei ter\u021be persoane numele, adresa, adresa de e-mail sau num\u0103rul dumneavoastr\u0103 de telefon f\u0103r\u0103 consim\u021b\u0103m\u00e2ntul dumneavoastr\u0103, cu excep\u021bia cazurilor prev\u0103zute de lege c\u00e2nd comunicarea acestor informa\u021bii este necesar\u0103. <\/p>\r\n<p>Sunte\u021bi r\u0103spunz\u0103tori de pastrarea confiden\u021bialit\u0103\u021bii asupra informa\u021biilor \u0219i a parolei dumneavoastr\u0103. Ve\u021bi fi r\u0103spunz\u0103tori de utilizarea \u00eenregistr\u0103rii dumneavoastr\u0103, indiferent dac\u0103 utilizarea se face cu sau f\u0103r\u0103 voia dumneavoastr\u0103. Sunte\u021bi de acord s\u0103 sesiza\u021bi wigmond.ro \u00een leg\u0103tur\u0103 cu orice utilizare neautorizata a parolei \u0219i a \u00eenregistr\u0103rii dumneavoastr\u0103. Sunte\u021bi de asemenea de acord s\u0103 folosi\u021bi butonul de ie\u0219ire din contul dvs. c\u00e2nd dori\u021bi s\u0103 ie\u0219i\u021bi de pe site \u00een cazul \u00een care sunte\u021bi logat. Compania nu va fi r\u0103spunz\u0103toare pentru nici o pagub\u0103 moral\u0103 sau material\u0103 provocat\u0103 prin nerespectarea acestei prevederi de c\u0103tre dvs..\u00a0<br \/><br \/>wigmond.ro, dac\u0103 consider\u0103 de cuviin\u021b\u0103, v\u0103 poate bloca accesul la cont, utilizarea serviciilor sau folosirea oric\u0103ror altor servicii ale sale de care beneficia\u021bi, sau s\u0103 modifice \u0219i s\u0103 \u0219tearg\u0103 orice material din cadrul serviciilor, pentru orice motiv. wigmond.ro poate de asemenea, oric\u00e2nd dore\u0219te \u0219i f\u0103r\u0103 a notifica prealabil, s\u0103 \u00eentrerup\u0103 furnizarea serviciilor, sau a unei p\u0103r\u021bi a lor. <br \/><br \/>Orice interzicere a accesului dumneavoastr\u0103 la serviciile wigmond.ro, poate fi efectuata f\u0103r\u0103 o avertizare anticipat\u0103, wigmond.ro nu va fi r\u0103spunz\u0103toare fa\u021b\u0103 de dumneavoastr\u0103 sau orice ter\u021b\u0103 parte \u00een orice mod, pentru interzicerea sau \u0219tergerea contului \u0219i a accesului la serviciile puse la dispozi\u021bie prin intermediul wigmond.ro. <\/p>\r\n<p>&nbsp;<\/p>\r\n<p><strong>Plata \u00een rate prin Cardul de Credit se poate face at\u00e2t online c\u00e2t \u0219i \u00een magazine.<\/strong><\/p>\r\n<p>Pentru a pl\u0103ti online cu cardul, se va selecta op\u021biunea de plat\u0103 &#8220;Plat\u0103 \u00een rate&#8221; din procesul de comand\u0103 \u0219i modalitatea de plat\u0103 dorit\u0103: <strong>1, 2 sau 3 rate f\u0103r\u0103 dob\u00e2nd\u0103<\/strong>. Pl\u0103\u021bile online sunt procesate de c\u0103tre EuPl\u0103tesc, prin intermediul platformei sale. Sistemul de plat\u0103 este securizat la cele mai \u00eenalte standarde, inclusiv 3D Secure.<\/p>\r\n<p>Sistemul de plat\u0103 on-line este dezvoltat de c\u0103tre EuPl\u0103tesc \u0219i presupune efectuarea pl\u0103\u021bilor prin intermediul cardurilor \u00eentr-un mediu securizat. Pl\u0103\u021bile on-line efectuate pe site-ul nostru beneficiaz\u0103 de protocolul de securitate 3D Secure (Verified by Visa si MasterCard Secure Cod). 3D Secure \u00eenseamn\u0103 o nou\u0103 abordare global\u0103 a autentific\u0103rii cump\u0103r\u0103torilor \u0219i v\u00e2nz\u0103torilor \u00een tranzac\u021bii sigure pe Internet. Aceast\u0103 m\u0103sur\u0103 de siguran\u021b\u0103 presupune redirec\u021bionarea utilizatorului \u00een momentul efectu\u0103rii pl\u0103\u021bii pe o pagin\u0103 securizat\u0103 unde \u00eenregistrarea fiec\u0103rui de\u021bin\u0103tor de card se face prin atribuirea unui cod de autorizare pentru fiecare tranzac\u021bie online.<br \/>Cardurile acceptate la plat\u0103 sunt cele emise sub siglele VISA (Classic si Electron) si MASTERCARD<\/p>\r\n<p>In vederea finaliz\u0103rii tranzac\u021biei \u00een condi\u021bii optime va trebui sa furniza\u021bi:<br \/>&#8211; Numele posesorului de card<br \/>&#8211; Codul cardului (cele 4 grupe de cifre men\u021bionate pe fa\u021ba cardului, f\u0103r\u0103 spa\u021bii)<br \/>&#8211; Data expir\u0103rii cardului<br \/>&#8211; Codul CVV (ultimele trei cifre de pe spatele cardului inscrip\u021bionate pe banda cu semn\u0103tura)<\/p>\r\n<p>wigmond.ro v\u0103 autorizeaz\u0103 s\u0103 vizualiza\u021bi \u0219i s\u0103 copia\u021bi materialele de pe site-ul wigmond.ro doar \u00een scopuri personale \u0219i pentru uz necomercial. Con\u021binutul site-ului, textele, grafica, fotografiile, software-ul precum \u0219i alte materiale sunt protejate de legea dreptului de autor \u0219i pot apar\u021bine companiei noastre sau ter\u021belor p\u0103r\u021bi care \u0219i-au dat acordul pentru publicare. Folosirea neautorizat\u0103 a materialului reprezint\u0103 o \u00eenc\u0103lcare a legii dreptului de autor sau a altor legi. Nu ave\u021bi permisiunea de a vinde sau a modifica materialul, a-l expune public, a-l distribui sau a-l folosi \u00een orice alt mod, \u00een scopuri publice sau comerciale f\u0103r\u0103 acordul scris al wigmond.ro.<br \/>Pe serverele care apar\u021bin sau care sunt \u00eenchiriate de c\u0103tre wigmond.ro accesul oric\u0103rui utilizator neautorizat este interzis. \u00cen caz de \u00eencercare \u0219i\/sau accesare, f\u0103r\u0103 drept, a acestor servere, fapta constituie infrac\u021biune \u0219i se pedepse\u0219te conform legisla\u021biei rom\u00e2ne \u00een vigoare.<\/p>\r\n<p><br \/>Sunte\u021bi de acord c\u0103 wigmond.ro nu va fi r\u0103spunz\u0103toare pentru nici un fel de pagube directe, indirecte, accidentale, speciale, inclusiv, dar nu limitat la: nerealizare de profit, posibilit\u0103\u021bii de folosire, date sau alte pagube, chiar dac\u0103 wigmond.ro a fost \u00eenainte informat\u0103 de posibilitatea apari\u021biei unor asemenea pierderi, rezult\u00e2nd din: <br \/>a) utilizarea sau imposibilitatea utiliz\u0103rii serviciilor wigmond.ro <br \/>b) acces neautorizat la sau deteriorarea transmisiilor sau datelor dumneavoastr\u0103<br \/>c) declara\u021bii sau ac\u021biuni a oric\u0103rei ter\u021be p\u0103r\u021bi asupra serviciilor wigmond.ro <br \/>d) orice alt\u0103 problem\u0103 legat\u0103 de serviciile site-ului<\/p>\r\n<p>1) utilizarea serviciilor site-urilor wigmond.ro se face pe propria r\u0103spundere. Serviciile sunt furnizate pe principiul a\u0219a cum sunt sau a\u0219a cum sunt disponibile. <br \/>2) wigmond.ro nu ofer\u0103 nici o garan\u021bie verbal\u0103 sau scris\u0103 c\u0103<\/p>\r\n<ul>\r\n<li>serviciile vor \u00eemplini toate cerin\u021bele dumneavoastr\u0103<\/li>\r\n<li>serviciile vor fi ne\u00eentrerupte, la timp, sigure sau f\u0103r\u0103 erori<\/li>\r\n<li>rezultatele ce se vor putea ob\u021bine din folosirea site-urilor wigmond.ro \u0219i a serviciilor puse la dispozi\u021bie vor fi corecte sau de \u00eencredere<\/li>\r\n<li>orice eroare de program va fi corectat\u0103\u00a0<\/li>\r\n<li>orice material desc\u0103rcat de pe wigmond.ro este folosit \u0219i poate fi folosit doar pe riscul propriu \u0219i ve\u021bi fi singur\u0103 persoana responsabil\u0103 de eventualele distrugeri cauzate computerului<\/li>\r\n<\/ul>\r\n<p>Prezentul acord \u00eei anexele conexe reprezint\u0103 o \u00een\u021belegere \u0219i un acord complet \u00eentre p\u0103r\u021bi \u0219i \u00eenlocuie\u0219te orice alte angajamente anterioare sau prezente, scrise sau verbale, comunic\u0103ri, \u00een\u021belegeri \u0219i acorduri \u00eencheiate \u00eentre p\u0103r\u021bi \u00een leg\u0103tur\u0103 cu subiectul la care se refer\u0103 acordul de fa\u021b\u0103. Acest acord va putea fi modificat numai \u00een scris de c\u0103tre reprezentan\u021bi mandata\u021bi de ambele p\u0103r\u021bi acordante.<\/p>\r\n<p><br \/>\u00cen cazul \u00een care una din clauzele prezentului acord se perim\u0103, contravine legii sau devine inoperanta ca urmare a aplic\u0103rii unei decizii executive, legislative, judiciare sau a altor decrete sau decizii publice, aceasta nu va afecta valabilitatea sau aplicabilitatea celorlalte clauze acorduale care vor continua s\u0103 r\u0103m\u00e2n\u0103 \u00een vigoare \u0219i s\u0103 produc\u0103 efecte juridice ca \u0219i cum clauza invalidat\u0103, perimat\u0103 sau inoperant\u0103 nu a f\u0103cut parte din acest acord la data semn\u0103rii lui, cu condi\u021bia ca p\u0103r\u021bile s\u0103 ia m\u0103surile necesare pentru a \u00eenlocui clauza invalidat\u0103, perimat\u0103 sau inoperant\u0103 cu o alt\u0103 clauz\u0103 valabil\u0103, legal\u0103 \u0219i aplicabil\u0103 care s\u0103 conduc\u0103 la acelea\u0219i efecte juridice \u0219i\/sau economice.<\/p>\r\n<p><br \/>Website-ul www.wigmond.ro utilizeaz\u0103 cookie-uri sau tehnologii similare pentru a asigura cea mai bun\u0103 experien\u021b\u0103 utilizatorilor \u0219i pentru a analiza trenduri, administra website-ul, urm\u0103ri utilizarea de c\u0103tre client \u00een cadrul website-ului \u0219i pentru a colecta informa\u021bii demografice despre baza de utilizatori ca \u0219i \u00eentreg. Cookie-urile sunt mici fi\u0219iere text care sunt plasate pe dispozitivul clientului pentru a urm\u0103ri modul de utilizare \u0219i a \u00eenregistra preferin\u021bele. Cookie-urile noastre nu con\u021bin informa\u021bii care pot indentifica persoane. Colect\u0103m anumite informa\u021bii automatizat prin utilizarea cookie-urilor \u0219i tehnologiilor de urm\u0103rire cum ar fi adrese Internet Protocol (IP), tip de browser, Furnizor Internet (Internet Service Provider \u2013 ISP), referin\u021be\/ie\u0219iri pagini, paginile vizualizate pe site-ul nostru (ex. pagini HTML, grafice), sistem operare, data\/ora \u0219i\/sau seria de click-uri pentru a analiza trendul ca ansamblu \u0219i a administra site-ul. Utilizatorii site-ului pot controla folosirea cookie-urilor la nivelul browser-ului, dar dac\u0103 utilizatorul decide s\u0103 deactiveze cookie-urile aceast\u0103 ac\u021biune va determina o limitare a anumitor caracteristici \u0219i func\u021bii \u00een website-ul \u0219i serviciile noastre.<\/p>\r\n<p>Wigmond consider\u0103 confiden\u021bialitatea datelor o component\u0103 esen\u021bial\u0103 \u00een afaceri. Politica \u0219i practicile noastre de protejare a datelor se focuseaz\u0103 pe procesarea, schimbul \u0219i stocarea corespunz\u0103toare \u0219i legal\u0103 a informa\u021biilor cu caracter personal \u0219i totodat\u0103 pe asigurarea confiden\u021bialit\u0103\u021bii, integrit\u0103\u021bii \u0219i disponibilit\u0103\u021bii.<\/p>\r\n<p>Wigmond proceseaz\u0103 \u0219i stocheaz\u0103 date cu caracter personal \u00een UE \u0219i este capabil\u0103 s\u0103 demonstreze la orice moment conformitatea cu legile Uniunii Europene c\u00e2t \u0219i cu principiile stabilite \u00een acest document.<\/p>\r\n<p>Aceast\u0103 declara\u021bie de confiden\u021bialitate reprezint\u0103 politica de confiden\u021bialitate complet\u0103 aplicabil\u0103 activit\u0103\u021bilor online ale airhelp.com. Aceast\u0103 declara\u021bie explic\u0103 tipurile de informa\u021bii pe care le colect\u0103m de la clien\u021bi \u0219i modul \u00een care utiliz\u0103m aceste informa\u021bii.<\/p>\r\n<p>Website-ul nostru este \u00een conformitate cu Regulamentul General de Protec\u021bie a Datelor (\u201cGDPR\u201d), (Regulament (EU) 2016\/679), care este un act legislativ obligatoriu. GDPR creeaz\u0103 noi drepturi pentru indivizi \u0219i consolideaz\u0103 unele drepturi existente sub Directiva 95\/46\/EC. Directiva 95\/46\/EC va fi \u00eenlocuit\u0103 de la data de 25 Mai 2018. Aceast\u0103 declara\u021bie este conform\u0103 cu GDPR \u0219i prin urmare \u0219i cu Directiva 95\/46\/EC \u0219i cu regulile na\u021bionale p\u00e2n\u0103 c\u00e2nd acestea expir\u0103 la data de 25 Mai 2018.<\/p>\r\n<p>Ofi\u021berul de Protec\u021bie a Datelor (DPO) este responsabil pentru implementarea politicii noastre de confiden\u021bialitate, care este intrinsec legat\u0103 de declara\u021bia de confiden\u021bialitate. DPO asigur\u0103 conformitatea de zi cu zi \u0219i este implicat \u00een toate problemele legate de protec\u021bia datelor personale. Poate fi contactat la adresa de email: <a href=\"mailto:privacy@wigmond.ro\">privacy@wigmond.ro<\/a>.<\/p>\r\n<p>Wigmond trebuie considerat ca \u0219i controlor al datelor \u0219i acesta va determina scopurile \u0219i metodele de procesare ale datelor introduse \u0219i colectate online.<\/p>\r\n<p><strong class=\"dark\">Principii<\/strong><\/p>\r\n<p>Politica de protejare a datelor \u00een Wigmond se bazeaz\u0103 pe urm\u0103toarele principii de protec\u021bie a datelor:<\/p>\r\n<ul>\r\n<li>Procesarea datelor personale se va face \u00eentr-o manier\u0103 legal\u0103, corect\u0103 \u0219i transparent\u0103;<\/li>\r\n<li>Colectarea datelor personale se va face numai \u00een scopuri specificate, explicite \u0219i legitime \u0219i datele nu vor fi procesate mai departe \u00eentr-o manier\u0103 incompatibil\u0103 cu acele scopuri;<\/li>\r\n<li>Colectarea datelor personale va fi adecvat\u0103, relevant\u0103 \u0219i limitat\u0103 la informa\u021biile necesare scopului proces\u0103rii;<\/li>\r\n<li>Datele personale vor fi acurate \u0219i, acolo unde este necesar, actualizate;<\/li>\r\n<li>Se vor lua toate m\u0103surile necesare pentru a se asigura c\u0103 datele incorecte sunt \u0219terse sau corectate f\u0103r\u0103 \u00eent\u00e2rziere;<\/li>\r\n<li>Datele personale vor fi p\u0103strate \u00eentr-o form\u0103 ce permite identificarea persoanei vizate \u0219i pentru o perioad\u0103 nu mai lung\u0103 dec\u00e2t cea \u00een care datele personale sunt procesate;<\/li>\r\n<li>Toate datele personale vor fi p\u0103strate confiden\u021bial \u0219i stocate \u00eentr-o manier\u0103 ce asigur\u0103 securitatea necesar\u0103;<\/li>\r\n<li>Datele personale nu vor fi distribuite persoanelor ter\u021be dec\u00e2t \u00een cazul \u00een care este necesar \u00een scopul oferirii de servicii conform acordurilor;<\/li>\r\n<li>Persoanele vizate au dreptul de a solicita accesul la datele personale, rectificarea \u0219i \u0219tergerea acestora, \u00eempotrivirea sau restric\u021bionarea de la procesarea datelor at\u00e2t c\u00e2t \u0219i de la dreptul portabilit\u0103\u021bii datelor.<\/li>\r\n<\/ul>\r\n<p><strong class=\"dark\"><br \/>Datele personale<\/strong><\/p>\r\n<p>Date personale \u00eenseamn\u0103 orice informa\u021bie care poate fi legat\u0103 de o persoan\u0103 fizic\u0103 identificat\u0103 sau identificabil\u0103 (persoana subiect). Datele personale includ toate tipurile de informa\u021bii directe sau indirecte (\u0219i anume utilizate \u00een leg\u0103tur\u0103 cu alte date) ce se refer\u0103 la persoana subiect, cum ar fi nume, data de na\u0219tere, adrese, adrese de e-mail, numere de telefon, etc.<\/p>\r\n<p><strong class=\"dark\"><br \/>Colectarea datelor personale<\/strong><\/p>\r\n<p>Utilizatorii website-ului nostru care doresc s\u0103 beneficieze de serviciile noastre \u0219i s\u0103 ne furnizeze informa\u021bii, pot fi ruga\u021bi s\u0103 pun\u0103 la dispozi\u021bie date personale pentru ca Wigmond s\u0103 poat\u0103 opera \u0219i \u00eembun\u0103t\u0103\u021bi serviciile. Colect\u0103m \u00een primul r\u00e2nd date personale cum ar fi numele, data de na\u0219tere, adrese, adrese de e-mail, numere de telefon cu scopul de a ne imbunatati serviciile si de a va transmite in timp real informatii legate de evenimente si produse. Vom procesa datele personale doar pentru un scop specificat, explicit \u0219i legitim.<\/p>\r\n<p><strong class=\"dark\"><br \/>Utilizarea datelor personale<\/strong><\/p>\r\n<p>Vom utiliza datele personale numai pentru scopul \u00een care au fost colectate \u0219i vom stoca datele numai at\u00e2t c\u00e2t este necesar pentru acel scop. Vom p\u0103stra informa\u021biile clientului pentru perioada \u00een care contul s\u0103u este activ, pentru a \u00eei oferi servicii, pentru a fi conforme cu obliga\u021biile noastre legale sau pentru oricare din scopurile men\u021bionate mai sus. Accesul la datele personale este strict limitat personalului Wigmond.<\/p>\r\n<p><strong class=\"dark\"><br \/>Utilizarea Cookie-urilor<\/strong><\/p>\r\n<p>Website-ul Wigmond utilizeaz\u0103 cookie-uri sau tehnologii similare pentru a asigura cea mai bun\u0103 experien\u021b\u0103 utilizatorilor. Cookie-urile sunt mici fi\u0219iere text care sunt plasate pe dispozitivul clientului pentru a urm\u0103ri modul de utilizare \u0219i a \u00eenregistra preferin\u021bele. Cookie-urile noastre nu con\u021bin informa\u021bii care pot indentifica persoane. Utilizatorii site-ului pot controla folosirea cookie-urilor la nivelul browser-ului, dar dac\u0103 utilizatorul decide s\u0103 deactiveze cookie-urile aceast\u0103 ac\u021biune va determina o limitare a anumitor caracteristici \u0219i func\u021bii \u00een website-ul \u0219i serviciile noastre.<\/p>\r\n<p><strong class=\"dark\"><br \/>Divulgarea datelor personale<\/strong><\/p>\r\n<p>Datele personale nu vor fi divulgate persoanelor ter\u021be cu excep\u021bia situa\u021biilor \u00een care divulgarea este necesar\u0103 pentru a putea oferi serviciile noastre. Furnizorilor de servicii li se va permite s\u0103 ob\u021bin\u0103 numai datele personale necesare pentru a \u00ee\u0219i livra serviciile. Nu vom divulga date personale ter\u021bilor cu scopul de a le permite s\u0103 \u00ee\u0219i comercializeze produsele \u0219i serviciile c\u0103tre clien\u021bii no\u0219tri.<\/p>\r\n<p>\u00cen anumite situa\u021bii Wigmond este nevoit s\u0103 dezv\u0103luie date personale ca \u0219i r\u0103spuns la cererile autorit\u0103\u021bilor de supraveghere pentru a \u00eendeplini cerin\u021bele GDPR. De asemenea vom divulga informa\u021bii personale daca este cerut de lege, de exemplu pentru a ne conforma cu o cita\u021bie sau alte procese legale, atunci c\u00e2nd consider\u0103m de bun\u0103 credin\u021b\u0103 c\u0103 divulgarea datelor este necesar\u0103 pentru a ne proteja drepturile, siguran\u021ba clien\u021bilor sau siguran\u021ba celorlal\u021bi, investigarea fraudelor sau ca r\u0103spuns la o cerere a guvernului.<\/p>\r\n<p><strong class=\"dark\"><br \/>Accesul \u0219i rectificarea sau \u0219tergerea datelor personale<\/strong><\/p>\r\n<p>Clien\u021bii au dreptul de a solicita \u00een orice moment accesul la, rectificarea, \u0219tergerea sau restric\u021bionarea proces\u0103rii datelor colectate de c\u0103tre noi. Pentru a ne ajuta s\u0103 p\u0103str\u0103m datele personale actualizate, recomand\u0103m utilizatorilor s\u0103 ne informeze despre orice schimbare sau discrepan\u021b\u0103. Pentru a vizualiza sau modifica datele personale, pentru a ob\u021bine informa\u021bii despre perioada de timp pentru care Wigmond inten\u021bioneaz\u0103 s\u0103 p\u0103streze datele personale sau pentru alte \u00eentreb\u0103ri legate de datele personale sau dac\u0103 dori\u021bi s\u0103 solicita\u021bi v\u0103 inform\u0103m dac\u0103, la solicitarea unui ter\u021b, am stocat sau am prelucrat oricare din datele dvs. cu caracter personal, v\u0103 rug\u0103m contacta\u021bi DPO la adresa de email <a href=\"mailto:privacy@wigmond.ro\">privacy@wigmond.ro<\/a>.<\/p>\r\n<p><strong class=\"dark\"><br \/>E-mailuri de marketing<\/strong><\/p>\r\n<p>Wigmond are dreptul s\u0103 trimit\u0103 clien\u021bilor e-mailuri de marketing cu consim\u021b\u0103m\u00e2ntul acestora. Aceast\u0103 form\u0103 specific\u0103 de consim\u021b\u0103m\u00e2nt trebuie dat\u0103 \u00een mod liber, informat\u0103 specific \u0219i precis. Aceste cereri sunt \u00eendeplinite atunci c\u00e2nd clien\u021bii au optat s\u0103 primeasc\u0103 e-mailuri de marketing (au aprobat activ).<\/p>\r\n<p>Clien\u021bii vor avea mereu dreptul de a obiecta, la cerere \u0219i f\u0103r\u0103 costuri, la procesarea datelor cu caracter personal \u00een scopuri de marketing direct f\u0103r\u0103 a trebui s\u0103 furnizeze justific\u0103ri concrete. Clien\u021bii pot face acest lucru d\u00e2nd click pe linkul \u201eDezabonare\u201d care apare \u00een mesajele de e-mail pe care vi le trimitem sau ne pot trimite un mesaj la <a href=\"mailto:newsletter@wigmond.ro\">newsletter@wigmond.ro<\/a>. O dat\u0103 ce clientul a obiectat, datele personale ale acelui client nu vor mai fi procesate pentru marketing direct.<\/p>\r\n<p>E-mailurile de marketing con\u021bin informa\u021bii pe care le consider\u0103m interesante pentru client, at\u00e2t c\u00e2t \u0219i \u0219tiri de ultim\u0103 or\u0103 legate de produsele \u0219i serviciile noastre.<\/p>\r\n<p><strong class=\"dark\">Responsabilitate<\/strong><\/p>\r\n<p>Wigmond este responsabil\u0103 \u0219i va fi capabil\u0103 s\u0103 demonstreze la orice moment conformitatea cu GDPR c\u00e2t \u0219i cu principiile stabilite \u00een acest document. Wigmond va men\u021bine sub responsabilitatea sa o arhiv\u0103 a activit\u0103\u021bilor de procesare ce con\u021bine informa\u021biile solicitate de c\u0103tre GDPR \u0219i, acolo unde este necesar va pune informa\u021biile la dispozi\u021bia autorit\u0103\u021bilor de supraveghere.<\/p>\r\n<p><strong class=\"dark\"><br \/>Pl\u00e2ngeri<\/strong><\/p>\r\n<p>Clien\u021bii au dreptul s\u0103 adreseze o pl\u00e2ngere legat\u0103 de procesarea datelor lor personale. Toate \u00eentreb\u0103rile \u0219i pl\u00e2ngerile vor fi prelucrate de c\u0103tre DPO \u00een timp util \u0219i \u00een concordan\u021b\u0103 cu procedurile interne. Contacteaza DPO la adresa de email <a href=\"mailto:privacy@wigmond.ro\">privacy@wigmond.ro<\/a>.<\/p>\r\n<p>\u00cen cazul improbabil \u00een care clien\u021bii au suferit daune din cauza \u00eenc\u0103lc\u0103rii drepturilor conform politicii de protec\u021bie a datelor personale \u0219i Wigmond nu a tratat pl\u00e2ngerea \u00een mod corespunz\u0103tor, clien\u021bii au posibilitatea de a trimite o pl\u00e2ngere autorit\u0103\u021bii superioare.<\/p>\r\n<p><strong class=\"dark\"><br \/>Modific\u0103ri ale acestei politici<\/strong><\/p>\r\n<p>Aceast\u0103 politic\u0103 poate fi actualizat\u0103 din c\u00e2nd \u00een c\u00e2nd, de exemplu \u00een urma modific\u0103rii legisla\u021biei. In cazul \u00een care se fac modific\u0103ri ale materialului, clien\u021bii vor fi notifica\u021bi prin intermediul website-ului \u00eenainte ca schimb\u0103rile s\u0103 intre \u00een vigoare. \u00cencuraj\u0103m clien\u021bii s\u0103 verifice aceast\u0103 pagin\u0103 periodic pentru a fi informa\u021bi despre ultimele nout\u0103\u021bi \u00een ceea ce prive\u0219te practicile noastre de confiden\u021bialitate.<\/p>\r\n","protected":false},"excerpt":{"rendered":"<p>Termeni \u0219i condi\u021bii Prezentul acord se \u00eencheie \u00eentre utilizatorii fie persoane fizice sau juridice serviciilor oferite de SC Wigmond SRL denumit\u0103 \u00een continuare wigmond.ro, cu sediul \u00een Baia Mare, Maramure\u0219. Prezentul acord se \u00eencheie indiferent de motivul pentru care persoanele &hellip; <\/p>\n","protected":false},"author":1,"featured_media":0,"parent":0,"menu_order":0,"comment_status":"closed","ping_status":"open","template":"","meta":{"pmpro_default_level":0,"footnotes":""},"class_list":["post-3","page","type-page","status-publish","hentry","pmpro-has-access"],"_links":{"self":[{"href":"https:\/\/www.wigmond.ro\/cursuri\/cursuri-online\/wp-json\/wp\/v2\/pages\/3","targetHints":{"allow":["GET"]}}],"collection":[{"href":"https:\/\/www.wigmond.ro\/cursuri\/cursuri-online\/wp-json\/wp\/v2\/pages"}],"about":[{"href":"https:\/\/www.wigmond.ro\/cursuri\/cursuri-online\/wp-json\/wp\/v2\/types\/page"}],"author":[{"embeddable":true,"href":"https:\/\/www.wigmond.ro\/cursuri\/cursuri-online\/wp-json\/wp\/v2\/users\/1"}],"replies":[{"embeddable":true,"href":"https:\/\/www.wigmond.ro\/cursuri\/cursuri-online\/wp-json\/wp\/v2\/comments?post=3"}],"version-history":[{"count":5,"href":"https:\/\/www.wigmond.ro\/cursuri\/cursuri-online\/wp-json\/wp\/v2\/pages\/3\/revisions"}],"predecessor-version":[{"id":11683,"href":"https:\/\/www.wigmond.ro\/cursuri\/cursuri-online\/wp-json\/wp\/v2\/pages\/3\/revisions\/11683"}],"wp:attachment":[{"href":"https:\/\/www.wigmond.ro\/cursuri\/cursuri-online\/wp-json\/wp\/v2\/media?parent=3"}],"curies":[{"name":"wp","href":"https:\/\/api.w.org\/{rel}","templated":true}]}}